. Let p(r) = 3*j(r) + 4*x(r). List the prime factors of p(-5).
3, 7
Let c = -24 - -34. List the prime factors of c.
2, 5
Let j be (3 - 3)*(-2)/4. Suppose x + j = 2. Suppose i - 1 = 6*d - 2*d, d + 16 = x*i. What are the prime factors of i?
3
Let d be 6/(-4)*8/3. Let x(l) = -2*l - 4. Let v be x(d). List the prime factors of 39/4 - (-1)/v.
2, 5
Suppose 311 = 3*r + 86. What are the prime factors of r?
3, 5
Let i(z) = 0*z**3 + z**2 + 3*z**3 - 2*z**3 - 3*z + 1 - 4*z**2. Suppose -j = -5*j + 16. List the prime factors of i(j).
5
Let h(g) = 10*g. Let j be h(2). Suppose -4*r = -24 - j. What are the prime factors of r?
11
Let p(a) = -a**2 - 5*a - 2. Let g(u) = -4*u**2 + 1. Let k be g(1). List the prime factors of p(k).
2
Let o(r) = -r**3 - r**2 + 4. Suppose 2*h + h = 0. Let n be o(h). Suppose -n*i = -0*i - 40. List the prime factors of i.
2, 5
Suppose 2*a - 214 - 246 = 0. What are the prime factors of a?
2, 5, 23
Suppose 4*d = 8 - 24. Let u(r) = -r**3 - 3*r**2 + 2*r - 3. Let i be u(d). Suppose -2*v + i*w + 29 = 0, -5*v + 59 = -3*w + 4*w. List the prime factors of v.
2, 3
Suppose 3*r - 19 = 2*w, -2*r - 5*w = -0*w. Suppose 5*c = -r*y + 60, 5*c - 3*y - 80 = 2*y. What are the prime factors of c?
2, 7
Let d be (2 + -2 + 5)*-1. Let r(l) = -l**2 - 4*l - 2. Let t be r(d). Let b = t + 12. List the prime factors of b.
5
Suppose 4*v + 18 - 74 = 0. List the prime factors of v.
2, 7
Let r = 8 - 5. Suppose r = o - 7. What are the prime factors of o?
2, 5
Suppose 2*f = 5*j - 95, -j + 2*j - 2 = -3*f. What are the prime factors of j?
17
Suppose 4*h - 32 = -0*h. Suppose -h = 4*g - 6*g. List the prime factors of g.
2
Let a(k) = -5*k + 2. Let l(g) = g - 1. Let f(t) = -a(t) - 4*l(t). Let j be f(5). Suppose -2*r = 4*v - 28, 2*r - j*r + 28 = 4*v. List the prime factors of v.
7
Let d = -171 + 535. What are the prime factors of d?
2, 7, 13
Let b = 193 + -116. What are the prime factors of b?
7, 11
Let c(g) = g**3 + 3*g**2 + 3*g + 1. Let t be c(-2). Let m(w) = -3*w + 37. Let o be m(11). Let a = t + o. What are the prime factors of a?
3
Let i(k) = 23*k**2 - k - 3. List the prime factors of i(2).
3, 29
Let z(h) = -1 + 0*h + 5*h + 3*h**2 - 6*h. List the prime factors of z(-1).
3
Let d(j) = 8*j - 15. List the prime factors of d(6).
3, 11
Let v(s) = -109*s + 1. Let t be v(-1). Let y = t + -168. Let l = -41 - y. What are the prime factors of l?
17
Let z = 1 - 0. Suppose -z = p + 4. Let j = p - -7. What are the prime factors of j?
2
Let v(l) = -6*l - 1. Let r be v(-2). Let j = r - 7. Let s = 14 - j. List the prime factors of s.
2, 5
Let s(t) = -7*t - 7. What are the prime factors of s(-8)?
7
Let k = -5 - -7. Suppose 180 = -k*c + 6*c. List the prime factors of c.
3, 5
Let g(k) = -k**3 + 2*k**2 + 3*k. Let w be g(3). Suppose w*p = 3*p - 30. What are the prime factors of p?
2, 5
Suppose 0 = 4*h - 48 - 4. What are the prime factors of h?
13
Let c(t) = t - 4. Let p be c(8). Suppose 2*d = 2*h + 3*d + 1, -4*d = -5*h + p. List the prime factors of (h - (-2 - -3)) + 3.
2
Suppose 6*g = 568 - 94. List the prime factors of g.
79
Let s be (-3)/15 - (-52)/10. What are the prime factors of 166/8 - s/(-20)?
3, 7
Suppose -4*k + 3 = -3*k. Suppose 0 = -4*s + k*s. Suppose 4*t + 3 = -i + 45, 2*i + 4 = s. List the prime factors of t.
11
Let c(l) = l**2 + 7*l + 13. Let h be c(7). Suppose 5*j = -2*r + h, 4*r = -r + 4*j + 261. List the prime factors of r.
53
Let f(y) = -4*y + 5. Let i be 4/(-10) - (-13)/(-5). List the prime factors of f(i).
17
Suppose -3*y + 10 = -i, 0 = y - 4*i + 1 - 8. Let f be 44/10*(2 + y). Suppose -z - 14 = 5*u, 2*u - f = -6*z + z. List the prime factors of z.
2, 3
Suppose -5*d + 8*d - 168 = 0. Suppose d = 2*o - 0*o. What are the prime factors of o?
2, 7
Let l(r) = -r**2 - 11*r - 1. List the prime factors of l(-8).
23
Let i be (-21)/14*8/6. List the prime factors of (1/2)/(i/(-20)).
5
Let y(b) = -b**3 + 11*b**2 + 2*b - 13. Let d be y(11). Suppose 3*h = 6 + d. Suppose -4*l - q = -2*q - 20, -h*l = 5*q. What are the prime factors of l?
2
Let z(b) = -18*b**3 - 2*b**2 + b. Let o be z(1). Let c = 26 + o. List the prime factors of c.
7
Let p(k) = k**3 + 4*k**2 - 6*k + 1. List the prime factors of p(-5).
2, 3
Let q(z) = -4*z - 3 + 9*z + 3*z**2 - z**2. What are the prime factors of q(-4)?
3
Let a(x) = -3*x + 1 - 2*x**2 + 0 + 3*x**2. Let h be a(4). What are the prime factors of h*(-2 + (-28)/(-10))?
2
Let b = 5 - 6. Let g = 4 - b. Let o = g + 2. List the prime factors of o.
7
Suppose -2*j + 5*y = 2*j - 132, 0 = 3*j + 3*y - 72. Let u = j - 3. Suppose 0 = 4*v - 2*k + 1 - u, -3*v = 3*k - 27. List the prime factors of v.
7
Let d = 3 - -2. Suppose -10 = d*m - 0*m. List the prime factors of m - (-1)/(-1)*-9.
7
Let o(m) = m. Let w(c) = -2*c + 1. Let d(n) = -3*o(n) - 2*w(n). Let r be d(-5). Let i = 14 + r. What are the prime factors of i?
7
What are the prime factors of (57/4)/((-9)/(-24))?
2, 19
Suppose -112 = 4*s - 2*p, 3*s + 74 = 3*p - 7. List the prime factors of (s/2)/(7/(-14)).
29
Suppose 5*z - 74 = 4*q, -2*z + 0*z + 2*q + 30 = 0. What are the prime factors of z?
2, 7
Let t(q) = q**3 + 3*q**2 - 6*q - 8. Let v be t(-4). Let s(o) = 2*o**2 - 4*o + 2. Let l be s(2). Let y = v + l. List the prime factors of y.
2
Let a(p) be the first derivative of p**3/3 - p**2/2 - 5*p + 1. List the prime factors of a(4).
7
Suppose -s - 1 = 1, 4*u + 3*s = 490. Suppose -4*h + u = -20. What are the prime factors of h?
2, 3
Let f(z) = -z - 16. Let g(m) = m + 17. Let t(h) = -7*f(h) - 6*g(h). List the prime factors of t(-8).
2
Suppose -4*k = 4*i - 40, 5*k = 3*i + 12 - 42. Suppose 9 = 5*j - 6. Suppose -i = b - j*b. What are the prime factors of b?
5
Let j = -8 - -11. Let p be 2 + j/((-6)/(-4)). Let z = 2 + p. List the prime factors of z.
2, 3
List the prime factors of (27/(-3))/(3/(-16)).
2, 3
Suppose 4*j = -0*j + 96. Let m = -14 + j. List the prime factors of m.
2, 5
Let k(w) = -2*w**3 + 3*w**2 + 19*w - 2. What are the prime factors of k(-5)?
2, 3, 19
Let h(p) = -2*p + 1. Let g(r) = 10*r - 6. Let z(w) = -2*g(w) - 11*h(w). What are the prime factors of z(12)?
5
Suppose 0 = -5*q - 4*k + 685, 2*q - 2*k - 261 = -k. What are the prime factors of q?
7, 19
Let y be 3 - (-28 + 4/4). Suppose y = b + x, 24 + 39 = 2*b + 5*x. What are the prime factors of b?
29
List the prime factors of ((-486)/30 + 3)/((-2)/15).
3, 11
Let h(m) = -3*m**3 - 2*m**2. Let g be h(-2). Suppose i - 18 = -g. What are the prime factors of i?
2
Let w(j) = 3*j + 10. List the prime factors of w(7).
31
Let f = -7 + 14. List the prime factors of f.
7
Suppose -15 = 3*a - 3. Let s be a/18 + (-512)/(-36). Let q = s - 7. List the prime factors of q.
7
Let w = 5 - 1. Suppose 4*c - 96 = w*s, 6*s = -c + 3*s + 28. What are the prime factors of c?
5
Suppose 5*f = -5*m + 1565, 4*f - 7*m = -9*m + 1246. What are the prime factors of f?
2, 5, 31
Let u(g) = -g**2 - 4*g + 3. Let s be u(-4). Let z(v) = 2*v - 1. What are the prime factors of z(s)?
5
Suppose -2*j - 6 = -4*c - 38, 0 = -2*j + c + 17. List the prime factors of j.
2, 3
Let b(x) be the second derivative of -x**4/4 + x**3/3 + x**2 - 2*x. Let m be b(-2). List the prime factors of 65/7 + 4/m.
3
Let m(x) = -2*x - 3 + 3 + 2. What are the prime factors of m(-5)?
2, 3
Suppose c + 0*r - 2*r = 19, 53 = 3*c - 4*r. Suppose -2*s - s + 2*k = c, -5*k - 5 = s. What are the prime factors of (-6)/s*15/3?
2, 3
Suppose -5*y = -i - 2*y + 3, 4*y + 4 = 0. Suppose i = -k - 0*k + 24. What are the prime factors of k?
2, 3
List the prime factors of (-56)/(-21)*3/4.
2
Let y = -15 - -78. List the prime factors of y.
3, 7
Suppose 14*x = 17*x - 219. List the prime factors of x.
73
Suppose 5*l - 390 = 95. Suppose -2*t + l = 3*n, t = 5*n + 18 - 184. What are the prime factors of n?
3, 11
Let k(l) = 0*l + 0*l**2 - 2*l - 1 + 3 + l**2. What are the prime factors of k(3)?
5
Suppose 5*j = j. Suppose -4 = -j*y - y. List the prime factors of y.
2
What are the prime factors of ((-214)/3)/((-12)/18)?
107
Suppose 60 = 4*v - v. List the prime factors of v.
2, 5
Suppose m + 5*t - 1 = 2*t, -t = -5*m + 21. List the prime factors of m.
2
Let u be (64/(-24))/(4/(-186)). Suppose l = 5*l - u. List the prime factors of l.
31
Let t(p) = -p**2 + 4*p + 3. Let m be t(3). Suppose -m*u = -u - 70. Suppose -2*g = -4*g + u. List the prime factors of g.
7
Suppose -y - 4*u = -u, -2*